ors of o?
11
Suppose k = -1 + 3. Suppose -7*f = l - 2*f - 20, -l = -k*f - 6. List the prime factors of l.
2, 5
Suppose 4*q + 1 = 25. Let t(h) = h + 6. What are the prime factors of t(q)?
2, 3
Let a(n) = n**3 + 5*n**2 - 7*n. Let b be a(-6). Let c = 11 + -6. Suppose -14 - b = -c*u. List the prime factors of u.
2
Let i(k) = 3*k**2 - k - 1. Let c be i(-1). Let g(n) = 2*n**2 + 1. Let o be g(1). Suppose -o*d - 18 = -c*p, -p - p = -4*d - 10. List the prime factors of p.
7
Let g be (2/(-3))/(3/(-27)). Suppose -5*r + g = -9. Suppose -5*k = 4*c + c - 90, 4*k - 54 = -r*c. What are the prime factors of c?
2, 3
Suppose -i = -3 - 1. List the prime factors of i.
2
What are the prime factors of 11/(-11) + 1/(2/392)?
3, 5, 13
Let c = 74 - 42. Let j be 3 - 1 - (2 + -5). Suppose -j*u + 13 = -c. What are the prime factors of u?
3
Suppose -1 = -x - 3*a - 3, -3*x + 8 = -5*a. List the prime factors of (39/9)/(x/3).
13
Let a(s) = s - 3*s + 8 + 6*s. Let o be a(6). Suppose -5*n - b = -n - 50, -3*n + o = -2*b. What are the prime factors of n?
2, 3
Let t(n) = n**3 + 13*n**2 + 8*n + 30. List the prime factors of t(-12).
2, 3, 13
List the prime factors of 15/35 - (-176)/14.
13
Let f(a) = 21*a + 2. Let s be f(8). Suppose -5*v + 0 = -s. List the prime factors of v.
2, 17
Suppose p - 5*k - 2 = 0, 0*p - 6 = -3*p + 3*k. Suppose -5*x = -a + 25, p*x - x = -a + 7. What are the prime factors of a?
2, 5
Let k(b) = 1. Let p(s) = -s. Let y(t) = 5*k(t) - 4*p(t). What are the prime factors of y(8)?
37
Let t be (4 - -9) + 1 + -2. Let v(j) = -j + 14. What are the prime factors of v(t)?
2
Suppose -382 - 353 = -7*n. What are the prime factors of n?
3, 5, 7
Let p be 2/(4/4*-2). Suppose -3*y = -2*f - 0*y - 17, -5*y = -25. List the prime factors of (-2 + p - 0)*f.
3
Let q(p) = -3 + 2*p**3 - 4*p**2 + 2 + 3 + 2*p - 5. List the prime factors of q(3).
3, 7
Suppose 0 = 2*r - b - 5, -8*b + 4*b - 20 = 5*r. Let f be 1 - (1 + r - -4). Let p = 9 + f. List the prime factors of p.
5
Suppose 0 = -2*q + 16. Let x be (-2)/q - (-129)/4. Suppose -5*z + x = -8. List the prime factors of z.
2
Suppose -11 = -3*k + 25. Suppose 2*z + 5*g - 58 = 0, 0 = 3*g - 0*g - k. Suppose -u = -0*u - 2*a - z, 5*a = 5*u - 75. List the prime factors of u.
11
Let p be 30/8 - (-6)/(-8). Let g be 3/p*(2 - 1). Let f = 4 + g. List the prime factors of f.
5
Let y(c) = c**3 + 7*c**2 - 7*c + 11. Let u be y(-8). What are the prime factors of u*(416/12)/4?
2, 13
Let j(y) = y**2 + y + 3. Let n be j(-4). Let d = -6 + 3. Let b = d + n. What are the prime factors of b?
2, 3
Let c be 2 - (1 + -2 + -22). Suppose -20 = 5*p, -3*n = -p + 6*p - 241. Suppose -5*b + n = -m, 5*b + 3*m = c + 54. List the prime factors of b.
17
Suppose 2*b - 112 = -4*v, 2*b + v + 4*v = 112. What are the prime factors of b?
2, 7
Let q(m) = m**2 + m. Let u be q(-3). Let y be (9/6)/(u/176). Suppose 4*d - y = -4. What are the prime factors of d?
2, 5
Let p be (-8)/52 + (-56)/(-26). Suppose -3*k + 3*q + 28 = -17, -p*k + 5*q = -42. What are the prime factors of k?
11
Let g = 43 + -9. What are the prime factors of g?
2, 17
Let d = 36 - -59. List the prime factors of d.
5, 19
Suppose -2*y + 5*n + 342 = 0, 5*n + 48 = 4*y - 636. List the prime factors of y.
3, 19
Suppose 0*g = 2*g - 24. Suppose -g = -4*u - 4. What are the prime factors of u?
2
Suppose -3*j - 4*n = -3*n + 1, 0 = -3*j + 4*n + 4. Suppose j = -2*d + 20 + 14. What are the prime factors of d?
17
Let d(c) be the third derivative of c**4/24 + 17*c**3/6 - c**2. List the prime factors of d(-8).
3
Let i = 0 + -2. Let l = i + 3. Let a(c) = 9*c**2 + 1. List the prime factors of a(l).
2, 5
Let d(h) = h**3 + 5*h**2 - 7*h - 9. Let a be d(-6). Let z(o) = -o**3 - o**2 + 4*o + 1. What are the prime factors of z(a)?
7
Let t(r) = r**2 + 10*r - 5. List the prime factors of t(-11).
2, 3
Suppose -20*n - 97 = -257. What are the prime factors of n?
2
Suppose -3*h + 0*u - 960 = 4*u, h + 3*u = -315. What are the prime factors of 2/(-3)*h/6?
2, 3
Let l(x) be the third derivative of x**6/120 - 2*x**5/15 + x**4/3 + 3*x**3/2 - 3*x**2. What are the prime factors of l(7)?
2
Let w(i) = 4*i**2 - 2. Let l be w(2). Let y(n) = n. List the prime factors of y(l).
2, 7
Let b(t) = -t**3 + 8*t**2 + 10*t - 7. Let g be b(9). Suppose -p - g*p + 65 = 2*o, 0 = 3*p - 3. What are the prime factors of o?
31
Let q(v) = v**2 + 21*v + 53. What are the prime factors of q(-22)?
3, 5
What are the prime factors of (32/(-4))/4*-8?
2
Suppose 3*w - 4*w - 18 = -3*x, 5*w - 4*x = -46. Let u = -4 - w. What are the prime factors of (u/1)/(2/7)?
7
Let r be (-2)/(-5) - 69/(-15). Suppose 50 = -0*d + 3*d - r*i, 2*d + 2*i - 12 = 0. List the prime factors of d.
2, 5
Let j(n) = n - 5. Let w be j(7). Let q(t) = t**3 - 3*t**2 + 3*t - 2. Let i be q(w). Suppose l - 1 - 5 = g, i = 2*l + 5*g + 2. List the prime factors of l.
2
Let p be (1 - 1) + -3 + 12. Suppose 3*a = -p, -u = 3*a - 7 - 20. Suppose 3*q - u = -12. What are the prime factors of q?
2
Let h(w) = -2*w + 1. Let d be 24/5 + (-1)/(-5). Suppose -3*l - d + 2 = 0. What are the prime factors of h(l)?
3
Let z = 16 - 28. Let k be 4*((-39)/z + -1). What are the prime factors of 138/k - 4/(-6)?
2
Suppose 8*r + 877 = 2293. List the prime factors of r.
3, 59
Let q = 12 + 9. List the prime factors of q.
3, 7
Let s(u) = -5*u**3 + 2*u**3 + 6 - u - 5*u + 4*u**3 - 5*u**2. Let d = -4 + 10. What are the prime factors of s(d)?
2, 3
Let u(v) = -v**2 - 8*v + 2. Let g(m) = -2*m + 6. Let b be g(6). What are the prime factors of u(b)?
2, 7
Let h = -108 - -155. Let a = h - 23. What are the prime factors of (a/16)/(1/2)?
3
Let k(c) = 5*c**2 - 3*c. What are the prime factors of k(2)?
2, 7
Let c = 70 + -35. What are the prime factors of c?
5, 7
Let j(x) = -2*x - 1. Let i be j(3). Suppose -3*v - 30 - 15 = 0. Let k = i - v. List the prime factors of k.
2
Suppose -5*b = 3*n - 894, -b + n + 180 = 2*n. List the prime factors of b.
3, 59
Suppose -4*p = -4*c + 18 + 14, c + 2 = -4*p. List the prime factors of (c/(-4))/(3/(-8)).
2
Let f be ((-9)/(1 + -4))/1. Let g be 4/(-16) + (-157)/(-4). Suppose -3*x + 9 = f*i, 0 = -8*x + 3*x + i + g. What are the prime factors of x?
7
Suppose 4*d + 3*h - 401 = 0, -7 = -2*h - 17. List the prime factors of d.
2, 13
Let w(r) = r**2 + 4*r + 1. Let v be w(-3). Let c = 6 - v. What are the prime factors of c?
2
Let h = -10 + 16. Let g(l) = 2*l - 2. Let s be g(h). Suppose -y - s = -3*y. What are the prime factors of y?
5
Let k(n) = -4*n - 2*n - 5 - n**2 + 0. Let i be k(-5). Suppose -b + 2*x + 1 = -i*b, 0 = -3*b + 5*x + 6. List the prime factors of b.
7
Let g = 0 + 4. Let u be -2 - g*(-1 - 2). Suppose -u + 4 = -2*o. What are the prime factors of o?
3
Let q = 661 + -348. What are the prime factors of q?
313
List the prime factors of -3 + (-204)/(-4)*1.
2, 3
Let r be 5/2*2 + -2. Suppose 32 = -r*o + 5*o. What are the prime factors of o?
2
Let j(t) = 2*t**2 - t - 1. Let z be j(-1). Suppose z*q - 47 + 13 = 0. What are the prime factors of q?
17
Let p = 3 - -53. Suppose -y + 15 = -5*o - 13, 2*y = o + p. Suppose -3*i - 7 = -y. List the prime factors of i.
7
Let p(m) = m + 3. Let d(z) = -4*z - 8. Let i(r) = -3*d(r) - 8*p(r). Let f be i(1). Suppose 1 - f = -a. What are the prime factors of a?
3
Suppose 0*k + k + 428 = -4*v, 0 = -v - 2*k - 107. Let m = -64 - v. List the prime factors of m.
43
Let y = -161 + 350. List the prime factors of y.
3, 7
Let b = -5 - -149. List the prime factors of b.
2, 3
What are the prime factors of (-22)/33 + (-112)/(-6)?
2, 3
Suppose -4*p = 4 - 24. Let g(i) be the second derivative of -i**4/12 + 7*i**3/6 - 3*i**2 - i. What are the prime factors of g(p)?
2
Suppose l + 3*l + 108 = 0. Let y = l + 39. List the prime factors of y.
2, 3
Suppose 7 = 3*r - 2. Suppose -2*k + 3 = -r. Suppose 0 = -h + k*u + 23, -h + 3*u + 26 = -u. List the prime factors of h.
2, 7
Let f be ((-36)/15)/(4/(-30)). Suppose 4*u - f = u. Suppose 2*v - 5*v + u = 0. What are the prime factors of v?
2
Let a(j) = -21*j - 2. What are the prime factors of a(-2)?
2, 5
Let w = -3 - -11. What are the prime factors of w?
2
Let r(v) = -2*v + 4. Let q be r(-4). Let b(w) = 4*w - q*w + w**3 - 8 - w**2 + 6*w**2. List the prime factors of b(-6).
2
Suppose -7*x + 1550 = -2*x. List the prime factors of x.
2, 5, 31
Let i(h) = 4*h**2 - 3. Let y(l) = 3*l**2 + l - 2. Let u(